en thousands digit of 3054031384?
3
What is the ten thousands digit of 98406751?
0
What is the units digit of 386278584?
4
What is the ten thousands digit of 8740252877?
5
What is the hundred millions digit of 2444081471?
4
What is the millions digit of 534868220?
4
What is the units digit of 677243763?
3
What is the thousands digit of 204703826?
3
What is the ten thousands digit of 27500797?
0
What is the millions digit of 701001881?
1
What is the hundred thousands digit of 87061965?
0
What is the units digit of 2459236163?
3
What is the millions digit of 15354170?
5
What is the units digit of 103737697?
7
What is the millions digit of 56155740?
6
What is the millions digit of 208166451?
8
What is the hundreds digit of 5179061547?
5
What is the units digit of 196990699?
9
What is the hundred thousands digit of 558066678?
0
What is the ten millions digit of 54612208?
5
What is the hundreds digit of 1128771892?
8
What is the thousands digit of 233405732?
5
What is the ten millions digit of 3511400189?
1
What is the ten thousands digit of 2115075954?
7
What is the thousands digit of 45355888?
5
What is the ten millions digit of 843937530?
4
What is the millions digit of 16553023?
6
What is the hundreds digit of 20630185?
1
What is the ten millions digit of 767857465?
6
What is the units digit of 358141480?
0
What is the ten millions digit of 57395906?
5
What is the hundreds digit of 27692425?
4
What is the ten millions digit of 1716527487?
1
What is the hundred thousands digit of 12212441?
2
What is the hundreds digit of 1093345607?
6
What is the hundreds digit of 2842033?
0
What is the hundred millions digit of 173423966?
1
What is the thousands digit of 45627866?
7
What is the hundreds digit of 11888038?
0
What is the units digit of 137941487?
7
What is the hundred thousands digit of 85533681?
5
What is the hundreds digit of 192560174?
1
What is the thousands digit of 243739091?
9
What is the units digit of 80728945?
5
What is the hundred thousands digit of 13306910?
3
What is the ten thousands digit of 117580532?
8
What is the hundred thousands digit of 294830956?
8
What is the hundreds digit of 395984393?
3
What is the units digit of 1728071001?
1
What is the hundred thousands digit of 1813860933?
8
What is the hundred thousands digit of 65747228?
7
What is the hundreds digit of 19503008?
0
What is the ten millions digit of 64054892?
6
What is the units digit of 522128519?
9
What is the thousands digit of 1100248817?
8
What is the units digit of 41408689?
9
What is the tens digit of 123844542?
4
What is the hundreds digit of 4932596?
5
What is the millions digit of 1493912?
1
What is the units digit of 35939101?
1
What is the hundred millions digit of 377776697?
3
What is the hundreds digit of 509879401?
4
What is the hundred thousands digit of 2075330624?
3
What is the hundred thousands digit of 152617843?
6
What is the thousands digit of 55025357?
5
What is the ten thousands digit of 1551784442?
8
What is the millions digit of 11694267?
1
What is the units digit of 1622415392?
2
What is the ten thousands digit of 142097011?
9
What is the ten thousands digit of 24279783?
7
What is the thousands digit of 3197604983?
4
What is the millions digit of 1502706235?
2
What is the hundreds digit of 6941191332?
3
What is the hundreds digit of 170277257?
2
What is the hundred thousands digit of 71541710?
5
What is the thousands digit of 4017691?
7
What is the millions digit of 929414988?
9
What is the hundred thousands digit of 35532502?
5
What is the thousands digit of 806026317?
6
What is the millions digit of 4434566675?
4
What is the ten thousands digit of 236394684?
9
What is the tens digit of 435120?
2
What is the billions digit of 1843651094?
1
What is the hundred thousands digit of 146223600?
2
What is the hundred millions digit of 1611482785?
6
What is the ten thousands digit of 255894416?
9
What is the hundred millions digit of 283756485?
2
What is the millions digit of 26808489?
6
What is the tens digit of 14592290?
9
What is the ten thousands digit of 42138116?
3
What is the ten millions digit of 37326596?
3
What is the units digit of 90282488?
8
What is the units digit of 1079578919?
9
What is the hundred thousands digit of 30290441?
2
What is the units digit of 958756765?
5
What is the units digit of 398069795?
5
What is the hundred thousands digit of 42266602?
2
What is the millions digit of 5269187631?
9
What is the units digit of 16321187?
7
What is the hundred millions digit of 4929942959?
9
What is the hundred thousands digit of 260083021?
0
What is the hundred thousands digit of 47694237?
6
What is the hundreds digit of 2319088?
0
What is the thousands digit of 171125255?
5
What is the hundred thousands digit of 7375688977?
6
What is the units digit of 450959678?
8
What is the ten thousands digit of 71293914?
9
What is the hundred millions digit of 153126549?
1
What is the hundreds digit of 18379497?
4
What is the ten millions digit of 485469159?
8
What is the hundreds digit of 37968702?
7
What is the hundreds digit of 3481129516?
5
What is the hundreds digit of 26548542?
5
What is the ten millions digit of 40975244?
4
What is the hundred thousands digit of 441644758?
6
What is the millions digit of 97433989?
7
What is the thousands digit of 47610033?
0
What is the units digit of 428213164?
4
What is the units digit of 955047476?
6
What is the hundreds digit of 4084660164?
1
What is the millions digit of 38453403?
8
What is the thousands digit of 16869689?
9
What is the ten thousands digit of 747250472?
5
What is the tens digit of 338076397?
9
What is the hundred thousands digit of 512985437?
9
What is the hundred millions digit of 699562903?
6
What is the ten millions digit of 1497245042?
9
What is the ten thousands digit of 331793500?
9
What is the tens digit of 163017039?
3
What is the ten thousands digit of 55425672?
2
What is the millions digit of 253254078?
3
What is the hundred thousands digit of 191890288?
8
What is the ten thousands digit of 120297373?
9
What is the hundreds digit of 57093588?
5
What is the hundred thousands digit of 56520911?
5
What is the millions digit of 252756382?
2
What is the hundred millions digit of 5601593752?
6
What is the hundred thousands digit of 63369159?
3
What is the ten millions digit of 101376419?
0
What is the tens digit of 94409014?
1
What is the ten millions digit of 1924182367?
2
What is the hundred thousands digit of 33206784?
2
What is the hundred thousands digit of 1145252642?
2
What is the thousands digit of 84408834?
8
What is the hundreds digit of 985701687?
6
What is the ten thousands digit of 92692839?
9
What is the units digit of 219758040?
0
What is the tens digit of 1431784325?
2
What is the ten millions digit of 17744555?
1
What is the hundreds digit of 52322815?
8
What is the hundreds digit of 174949009?
0
What is the hundreds digit of 467158208?
2
What is the tens digit of 421511313?
1
What is the ten millions digit of 137368799?
3
What is the ten thousands digit of 1219125037?
2
What is the hundred thousands digit of 286375567?
3
What is the ten millions digit of 22234161?
2
What is the units digit of 6586503488?
8
What is the millions digit of 785451915?
5
What is the ten thousands digit of 131326752?
2
What is the ten thousands digit of 3849058376?
5
What is the millions digit of 165337355?
5
What is the hundred thousands digit of 45510136?
5
What is the ten thousands digit of 1096279688?
7
What is the tens digit of 415309109?
0
What is the hundreds digit of 195266254?
2
What is the hundred thousands digit of 8459085?
4
What is the thousands digit of 52483296?
3
What is the millions digit of 128347599?
8
What is the hundred thousands digit of 1810712765?
7
What is the hundreds digit of 1704623580?
5
What is the hundred thousands digit of 267432570?
4
What is the units digit of 46646850?
0
What is the billions digit of 2224265098?
2
What is the units digit of 227120496?
6
What is the tens digit of 1978819813?
1
What is the thousands digit of 13721648?
1
What is the tens digit of 40112505?
0
What is the units digit of 2399122144?
4
What is the units digit of 26429606?
6
What is the tens digit of 58653061?
6
What is the thousands digit of 271014063?
4
What is the h